e the prime factors of (n + -1)/(3/(-12))?
2
Let z(d) = 3*d**2 - 2*d - 1. List the prime factors of z(-3).
2
Let w(j) = j**3 + 7*j**2 + 6. Let v be w(-7). Suppose -5*b - a + v = 26, -b = -a - 2. What are the prime factors of b/(-2) - (-6)/4?
3
Let q be (-471)/12 - 9/12. Let o = 19 - q. List the prime factors of o.
59
Suppose a = 42 + 2. What are the prime factors of a?
2, 11
Suppose 5*m = 5, 0 = -2*c + 4*m + 5 - 1. Suppose -c*u + 10 = -x, 3*u = 3*x + 2*u - 3. List the prime factors of x - (2*-1 - 0).
2
Suppose -c - 2*t + 3 = 0, 3*c - 6*t = -2*t - 21. Let h(d) be the first derivative of d**4/4 + 5*d**3/3 + 3*d**2/2 + d + 13. List the prime factors of h(c).
2, 5
Suppose 3*v - 18 = -3*o, -v = -4*o + 3*v + 40. Let s(r) = r + 9. List the prime factors of s(o).
17
Suppose 58 = -3*h - 4*w, 44 = -2*h - 6*w + 2*w. Let b = h - -17. What are the prime factors of b?
3
Suppose 5*x - 3*x - 8 = h, -2*x = -5*h + 8. Let m(p) = -7*p - 6. Let u(v) = -6*v - 5. Let d(i) = x*u(i) - 5*m(i). List the prime factors of d(-4).
2
Let b be (-4 - -2)*-1 + -2. Suppose 20 = 5*i, -r + 2*i - 3 - 10 = b. Let h(y) = y**3 + 6*y**2 + 2*y - 5. List the prime factors of h(r).
2, 5
Let u(t) = -t**3 - 4*t**2 - 2*t + 1. Let s be u(-3). Let g = s + 5. Suppose -g*l + 48 = b, 2*b + 33 = -4*l + 95. What are the prime factors of l?
17
Let a be -2*2/8*-2. What are the prime factors of (-1 - (-6 - 1))/a?
2, 3
What are the prime factors of (-275 + -1)/((-28)/8 + 2)?
2, 23
List the prime factors of (21/4)/(7/84).
3, 7
Let q(a) = 12*a**3 - a**2 + 2*a - 1. Let y be q(1). Let w = 18 - y. What are the prime factors of w?
2, 3
Suppose -m + 0 = 3. Let y be -2*2*m/12. Suppose 0 = -x - 4*b + 14, 2*b + b - y = 4*x. List the prime factors of x.
2
Let k(u) = -u**3 - u - 80. Suppose -w - 5*s - 25 = 0, -5*s = -w - 0*w + 25. Let f be k(w). List the prime factors of ((-6)/(-15))/((-2)/f).
2
Let y = 22 - -18. List the prime factors of y.
2, 5
Suppose -10*n + 8*n = -216. List the prime factors of (n/16)/(3/8).
2, 3
Suppose -4*z + 248 = -3*i - 386, -5*z + i = -798. List the prime factors of z.
2, 5
Let i = 3 - 3. Let n be (-3 - (-7)/2)*i. Suppose n = 5*d - 5*m - 30, -3*d + 17 = -m - 3*m. What are the prime factors of d?
7
Let n(h) = -h + 42. What are the prime factors of n(0)?
2, 3, 7
Let h(j) = 7*j - 2. What are the prime factors of h(10)?
2, 17
Let s be 28 + 3 + 1 + -2. What are the prime factors of 1/(-2)*(4 - s)?
13
Suppose 6 = 2*m + 4*d, -m + 2*d + 8 = -d. List the prime factors of m.
5
List the prime factors of 59*(1 - -2 - 2).
59
Suppose 5*a - 5*o - 825 = 0, -3*a - 2*o = o - 471. What are the prime factors of a?
7, 23
Let w(u) = u**2 + 5*u - 5. Let a be w(-6). Let r be 3/(-3) + a + -3. What are the prime factors of 2/(-3) - 11/r?
3
Let f(k) = -k**3 + k**2 + 32. What are the prime factors of f(0)?
2
Let b be (1 + -3)/((-2)/(-6)). Let d = b + 4. List the prime factors of 3 + 2 - d/(-2).
2
Let h = -21 + 15. Let o(p) = -p**2 - 5*p + 8. What are the prime factors of o(h)?
2
Let k = 351 - 221. What are the prime factors of k?
2, 5, 13
Suppose -8 = -2*d - 2*n - 0, -5*n - 29 = -2*d. Let t = d + -8. What are the prime factors of 2*(-51)/6*t?
17
Let u = 17 + 0. List the prime factors of u.
17
Let v = 10 - 5. Suppose -2*q = -q - v. Suppose -q*t - 15 = -10*t. What are the prime factors of t?
3
Let u(p) = -p**2 - 9*p - 2. Let g be -2 - -5 - 2 - -12. Let j = 5 - g. What are the prime factors of u(j)?
2, 3
Let t(a) = -4*a + 15. What are the prime factors of t(-21)?
3, 11
Suppose 3*o - o - 40 = 0. List the prime factors of o.
2, 5
Suppose -9 = -2*c - i, -c + 24 = 5*i + 6. Suppose c*u = 14 + 7. List the prime factors of u.
7
Let w be (-237)/27 - 2/9. Let k(n) = -3*n**2 - 3*n - 2. Let m(q) = -7*q**2 - 5*q - 4. Let l(x) = w*k(x) + 4*m(x). What are the prime factors of l(6)?
2
Suppose -2*i + 6*i = 4*h, h + 2*i = 0. Suppose -k + h = -10. Let z = k - 3. What are the prime factors of z?
7
Suppose -25 = 3*a - 97. Let x(g) = g**2 + 3*g + 4. Let l be x(-2). Suppose a = 2*b + l. List the prime factors of b.
11
Suppose 5*n - 10 = 10. Suppose 0 = -n*d + 80. List the prime factors of d.
2, 5
List the prime factors of ((-10)/15)/((-20)/9 - -2).
3
Let q be (-5 - 0)*26/(-10). Suppose -4*z + q = 2*h - 1, 0 = -h - z + 5. List the prime factors of 1*h + (5 - 5).
3
Let s = 121 - 77. Suppose -s = w - 3*w. What are the prime factors of w?
2, 11
Let p(l) be the first derivative of l**4/4 + 8*l**3/3 - 11*l**2/2 + 4. List the prime factors of p(-9).
2, 3
Suppose 3*m = -5*w + 70, -2*m + 3*w + 0*w + 53 = 0. Suppose -2*v = -5*x - 0*v + m, -20 = 4*v. What are the prime factors of x?
3
Let s(c) = c**3 + 3*c**2 - 7*c - 6. Let t be s(-4). Let z = t + -3. Let r = 13 - z. What are the prime factors of r?
2, 5
Let v = 4 - 2. Suppose -v*s + 2 = -16. Suppose r - s - 4 = 0. List the prime factors of r.
13
Let j = -5 - -7. Suppose 3*l = -j*l. Suppose l = 4*k - 9 - 19. What are the prime factors of k?
7
Suppose -2*f - 6 = -4*p - 4*f, f + 11 = 5*p. List the prime factors of 4/p*-5*-1.
2, 5
Let f = 50 + -94. Let j be (2*2)/((-4)/(-8)). List the prime factors of 2/4 - f/j.
2, 3
Let s(y) = -4*y + 16. List the prime factors of s(-15).
2, 19
Suppose 2*x = 6*x - j - 257, j = -5. Let i = x - 7. Suppose c + 4*c - i = -3*f, 3*f + 34 = 4*c. List the prime factors of c.
2, 5
Suppose 4*o + 7 + 9 = 0. List the prime factors of 2 + (o - -2) + 2.
2
Let y(o) = -o**3 + 4*o**2 + 6*o. Suppose 4*j + 0 - 20 = 0. Let q be y(j). Suppose -19 = -q*g + 16. List the prime factors of g.
7
Let h(d) be the first derivative of -11*d**2/2 + 4. Let n be h(1). Let x = n - -31. List the prime factors of x.
2, 5
Let f be (9/(-3))/(0 + 9/12). Suppose 0 = -3*w + 9. Let u = w - f. What are the prime factors of u?
7
Let k = 0 - -2. Suppose 5*d - 5 = -3*w, 31 = 3*w + k*d + 11. What are the prime factors of w?
2, 5
Suppose -o = -2*o + 4. Suppose 0 = -3*h + 4*w - 11 + 37, 5*w + 17 = -4*h. Suppose 39 = 3*i + 3*b, -3*b = -o*i + h*b + 25. List the prime factors of i.
2, 5
List the prime factors of 170*(-5)/(4 + -14).
5, 17
Let h = -22 - -58. What are the prime factors of h?
2, 3
Let b = -65 - -126. What are the prime factors of b?
61
Let x = 79 + -49. Suppose -250 = -5*h - x. What are the prime factors of h?
2, 11
Let w(p) = p**2 - 7*p + 7. What are the prime factors of w(-14)?
7, 43
Let r(m) = -34*m + 4. List the prime factors of r(-1).
2, 19
Suppose -37 = -3*k - 1. Suppose 5*f - 30 + 10 = -5*z, k = 3*z + f. What are the prime factors of z?
2
Suppose 0 = -s - h + 157, 4*s - 612 = 5*h - h. List the prime factors of s.
5, 31
Suppose 0 = -5*o + 8 + 2. Suppose -4*u - 2*s + 50 = -38, -4*u - 4*s + 80 = 0. Suppose 0 = o*x + x - u. What are the prime factors of x?
2
Let u = 0 - -5. Suppose u*r + 16 - 51 = 0. List the prime factors of r.
7
Let x(u) = u**2 - 4*u + 27. List the prime factors of x(8).
59
What are the prime factors of (-21)/9 + 3 - 64/(-12)?
2, 3
Let d be (1 + (-5)/2)*6. Let l(g) = -g**2 + 10*g + 1. Let b(p) = 6*p**2 - 51*p - 6. Let q(k) = 2*b(k) + 11*l(k). List the prime factors of q(d).
2
Let o = -26 + 37. Let n = o + -7. What are the prime factors of n?
2
Let h = 275 - 180. What are the prime factors of h?
5, 19
Let c be (0/2)/(-3 + 1). Suppose -b - b + 24 = c. What are the prime factors of b?
2, 3
Suppose 4 = -r + 5*u - 5, 0 = 4*r - 5*u - 9. List the prime factors of 2*57/r*1.
19
Suppose 85 = 5*r - 3*p - 68, 0 = 5*p - 20. What are the prime factors of r?
3, 11
Let v(n) be the second derivative of -n**5/20 - n**4/12 + 50*n**2 + n. Let w be v(0). List the prime factors of 1/(-2) - w/(-8).
2, 3
Let k = -18 + 33. Suppose -2*x - 3*z - 11 = 0, x - 3*x - 2*z - 10 = 0. Let p = k + x. What are the prime factors of p?
11
Let s(i) = 51*i**3 + 2*i - 2. What are the prime factors of s(1)?
3, 17
Let w(k) = k**3 - 4*k**2 - 8*k + 1. Let j be w(6). Suppose -j = -4*o + 23. List the prime factors of o.
2, 3
Let l(a) = -3*a**3 + 68*a**2 - 43*a + 57. Let m(c) = -c**3 + 23*c**2 - 14*c + 19. Let k(r) = -6*l(r) + 17*m(r). What are the prime factors of k(16)?
3, 5
Let c = -54 + 101. Suppose -z - 53 = -5*t, -c = -0*t - 5*t + 4*z. List the prime factors of t.
11
Suppose 2*a + 154 = -5*z + 56, 3*a - 2*z = -147. Let p = -33 - a. List the prime factors of p.
2
Suppose -5*l + 56 - 6 = 0. List the prime factors of l.
2, 5
Su